 750?
True
Does 4 divide 551010364?
True
Is 1089270157 a multiple of 5053?
True
Does 2 divide 3657070?
True
Does 67 divide 901779264?
True
Is 78 a factor of 116319138?
True
Does 25 divide 2067054775?
True
Is 612 a factor of 28366428?
False
Does 464 divide 6090663984?
True
Is 711603465 a multiple of 56?
False
Does 12 divide 209368853?
False
Does 3 divide 188579960?
False
Does 2255 divide 744668650?
True
Is 54 a factor of 759253932?
True
Is 380 a factor of 45020079?
False
Is 42684929 a multiple of 3?
False
Does 7 divide 191435426?
True
Does 124 divide 401666156?
False
Is 730491912 a multiple of 126?
False
Does 153 divide 46062333?
True
Is 273 a factor of 64733487?
True
Is 249070946 a multiple of 31?
False
Is 4440664 a multiple of 8?
True
Is 68964798 a multiple of 1906?
True
Does 7048 divide 1366157585?
False
Does 4 divide 586188670?
False
Is 15033550 a multiple of 70?
True
Is 83 a factor of 13524446?
False
Is 15587343 a multiple of 245?
False
Does 395 divide 2743430826?
False
Is 1455 a factor of 182473606?
False
Is 954845654 a multiple of 98?
True
Is 6015 a factor of 2233231155?
True
Is 2403044775 a multiple of 4158?
False
Is 74750172 a multiple of 410?
False
Is 383099168 a multiple of 5?
False
Is 167957155 a multiple of 2178?
False
Is 406105253 a multiple of 7?
False
Does 16 divide 1762175616?
True
Is 80163495 a multiple of 685?
True
Is 68902628 a multiple of 96?
False
Does 739 divide 7540569?
False
Is 14908587 a multiple of 34?
False
Does 24 divide 207382440?
True
Is 681038027 a multiple of 2003?
True
Is 3520 a factor of 160856959?
False
Does 15 divide 7552952?
False
Is 291 a factor of 1177400582?
False
Is 38097996 even?
True
Is 384872919 a multiple of 345?
False
Is 49685245 a multiple of 7?
False
Is 916 a factor of 199799752?
True
Does 4 divide 528820348?
True
Is 546149005 a multiple of 25?
False
Does 10 divide 49421682?
False
Is 81 a factor of 298626371?
False
Does 5270 divide 1876225400?
True
Is 88621064 a multiple of 130?
False
Is 44 a factor of 628952192?
True
Is 5754300980 a multiple of 11160?
False
Is 147 a factor of 174764184?
True
Does 174 divide 11389978?
False
Is 1976098377 a multiple of 3839?
True
Is 2072 a factor of 69101324?
False
Is 2535 a factor of 14502256?
False
Does 1469 divide 2310193567?
False
Does 325 divide 145214875?
True
Does 167 divide 16899704?
False
Is 34482979 a multiple of 11?
False
Does 1072 divide 142052323?
False
Is 514063897 a multiple of 3776?
False
Is 338356675 a multiple of 28?
False
Is 267 a factor of 185364892?
False
Does 40 divide 1580921326?
False
Is 380280665 even?
False
Does 109 divide 9068623?
False
Is 207585199 a multiple of 1068?
False
Is 768800690 a multiple of 17?
True
Is 25658688 a multiple of 64?
True
Does 1527 divide 34075005?
True
Is 44276518 a multiple of 96?
False
Is 21198452 a multiple of 38?
True
Is 12 a factor of 243170475?
False
Is 110242 a multiple of 69?
False
Is 17 a factor of 29527951?
False
Does 8 divide 1894759424?
True
Does 2319 divide 130633971?
False
Does 2937 divide 43405923?
True
Does 12 divide 45280608?
True
Is 402448980 a multiple of 30?
True
Is 15267425 a multiple of 463?
True
Is 9 a factor of 39825648?
True
Is 3703061544 a multiple of 57?
True
Is 16288157 a multiple of 89?
True
Is 2981 a factor of 170370112?
True
Is 497919 a multiple of 807?
True
Is 62640303 a multiple of 4118?
False
Is 64505808 a multiple of 141?
True
Is 572 a factor of 13932204?
True
Is 1174 a factor of 2794120?
True
Does 147 divide 9998205?
True
Is 469 a factor of 4261334?
True
Does 81 divide 18608075?
False
Does 24 divide 96241632?
True
Does 300 divide 270843060?
False
Does 470 divide 231507900?
True
Does 488 divide 172762290?
False
Is 327375409 a multiple of 3091?
False
Is 2790395 even?
False
Is 256178304 a multiple of 479?
False
Does 282 divide 34014558?
True
Does 9 divide 5791272?
False
Is 11287240 a multiple of 2?
True
Is 30 a factor of 2122804660?
False
Is 142896378 a multiple of 138?
True
Is 3 a factor of 117535708?
False
Does 20 divide 76991106?
False
Does 273 divide 84005024?
False
Is 763507116 a multiple of 597?
False
Is 38721696 a multiple of 13?
True
Is 3342366 a multiple of 6?
True
Is 470 a factor of 35086910?
True
Is 1616 a factor of 145690480?
True
Does 1019 divide 31451262?
False
Is 107 a factor of 458220438?
True
Is 1292609120 a multiple of 417?
False
Is 13446465 a multiple of 141?
True
Is 247557640 a multiple of 877?
False
Is 57341764 a multiple of 618?
False
Is 45 a factor of 56620305?
True
Does 32 divide 4793193?
False
Is 740090625 a multiple of 3408?
False
Does 272 divide 130011104?
True
Does 11 divide 3115809?
False
Does 6 divide 209549705?
False
Does 37 divide 586353541?
True
Does 434 divide 477292730?
False
Is 16 a factor of 103856304?
True
Is 103576860 a multiple of 1062?
True
Is 54430483 a multiple of 61?
True
Is 180434820 a multiple of 6?
True
Is 1236413753 a multiple of 945?
False
Is 2819 a factor of 43739604?
True
Is 35258319 a multiple of 321?
True
Is 22722598 a multiple of 1622?
True
Is 319 a factor of 210678127?
True
Is 3924722 a multiple of 3335?
False
Is 4592208 a multiple of 154?
False
Is 9721947 a multiple of 4530?
False
Is 1210 a factor of 20814087?
False
Does 5 divide 537142?
False
Does 214 divide 11979720?
True
Is 50 a factor of 388535509?
False
Does 2326 divide 46508370?
True
Is 1622 a factor of 63217450?
True
Is 5 a factor of 724925?
True
Is 4972 a factor of 327948148?
True
Is 4383 a factor of 1206411984?
True
Is 4 a factor of 66673872?
True
Is 164 a factor of 13492419?
False
Is 7785 a factor of 110557160?
False
Does 112 divide 8608880?
True
Is 129 a factor of 1806875781?
True
Does 22 divide 40687949?
False
Is 17 a factor of 16112330?
False
Does 9 divide 17015740?
False
Is 57193669 a multiple of 11?
False
Is 21 a factor of 377252799?
True
Is 40 a factor of 1073906757?
False
Is 774703149 a multiple of 33?
True
Does 169 divide 65383058?
True
Is 1213 a factor of 78661837?
True
Does 488 divide 147321797?
False
Is 403 a factor of 30707559?
False
Is 4 a factor of 4754748?
True
Does 14 divide 67073360?
False
Does 131 divide 1021398354?
True
Does 7 divide 284844703?
False
Is 3 a factor of 3931158?
True
Does 589 divide 1422240216?
False
Does 3 divide 1163053?
False
Is 2863 a factor of 77081590?
False
Does 319 divide 62374615?
False
Is 11 a factor of 817835073?
True
Does 550 divide 2391836700?
True
Does 430 divide 11459212?
False
Does 2562 divide 10478580?
True
Does 232 divide 132478032?
True
Does 1285 divide 2853431165?
True
Is 1396 a factor of 682186112?
True
Is 4528037952 a multiple of 72?
True
Is 155 a factor of 8710690?
True
Is 28 a factor of 561332931?
False
Is 106446132 a multiple of 156?
True
Is 133 a factor of 350738762?
False
Does 645 divide 466288605?
False
Is 80532095 a multiple of 1757?
True
Does 6 divide 162380506?
False
Is 30420494 a multiple of 762?
False
Does 98 divide 27675977?
False
Does 3008 divide 37451492?
False
Is 171522283 a multiple of 16?
False
Is 114406286 a multiple of 119?
False
Is 337 a factor of 42130055?
True
Is 625 a factor of 1777454375?
True
Does 3095 divide 1086824?
False
Is 15 a factor of 81550798?
False
Does 15 divide 323778749?
False
Is 59015655 a multiple of 668?
False
Is 5 a factor of 18094280?
True
Is 42 a factor of 513750260?
False
Does 650 divide 57423382?
False
Is 2460676451 a multiple of 1252?
False
Does 3065 divide 339834940?
True
Is 461384455 a multiple of 365?
True
Is 474962874 a multiple of 57?
True
Does 177 divide 19575846?
True
Does 8 divide 94449008?
True
Is 576706949 a multiple of 389?
False
Is 265 a factor of 64848680?
True
Is 387844072 a multiple of 11?
True
Is 8123 a factor of 1569664151?
True
Is 21832650 a multiple of 75?
True
Does 28 divide 13122060?
True
Does 3059 divide 22878261?
True
Is 89 a factor of 486414459?
True
Does 277 divide 1340078198?
False
Is 1003 a factor of 29659602?
False
Does 123 divide 511681968?
True
Is 62596232 a multiple of 43?
False
Does 12 divide 34428228?
True
Is 25 a factor of 461440556?
False
Is 86250191 a multiple of 4?
False
Does 17 divide 2861288882?
False
Does 82 divide 528909305?
False
Does 1955 divide 1421285?
True
Is 2365968287 a multiple of 124?
False
Is 844116972 a multiple of 83?
True
Is 169559100 a multiple of 900?
True
Is 16397 a factor of 2384522459?
False
Is 1860425 ev